 b - 2. Suppose 3*t - 7*t = 5*s - 4, s = -5*t + 5. Suppose s = 5*h - h. Calculate u(h).
-2
Suppose 4*n = 8*n + 9*n. Let x(c) be the third derivative of 0*c + 1/12*c**4 + 0 + n*c**3 - 1/60*c**5 - 1/120*c**6 - 6*c**2. Determine x(-3).
12
Suppose 0*p + 3*p + 15 = 0. Let q(l) be the third derivative of -l**6/120 - l**5/15 + 5*l**4/24 + 7*l**3/6 + l**2 + 19. Determine q(p).
7
Let a(w) = -w**3 - 7*w**2 - 7*w + 7. Suppose -y = 4*r + 26, -4*y + 4*r = 4 - 0. Calculate a(y).
13
Let y(f) be the third derivative of f**4/12 + 41*f**2. Let q(n) = n**2 - 8 + 0*n + 0*n**2 + 4*n. Let k be q(-6). Determine y(k).
8
Let w be (1 - 1)/(-5 - -3). Let l be 0 + -3 + -4 + w. Let y(x) = x**3 + 7*x**2 - 2*x - 8. Let s be y(l). Let m(k) = -k**3 + 5*k**2 + 5*k + 6. Determine m(s).
0
Let y(r) = r**2 - 6*r + 4. Suppose 40*p - 33*p = 21. What is y(p)?
-5
Let y(u) = 2*u + 9. Suppose n = 2*p - n - 38, 0 = 3*p - 2*n - 56. Suppose -2*o = o + p. What is y(o)?
-3
Let a be (7/3)/(2/6). Suppose 1 = k + 2*q, -k + 4*k - 24 = q. Let t(u) = u**2 + 1 - 8*u - k*u + 15*u - 7*u. Calculate t(a).
1
Suppose -i + 28 = 4*u, 0 = 5*i + 2*u - 0*u - 50. Let g(v) = 3*v. Give g(i).
24
Let i(j) = 8*j. Let s = 1112 + -1111. Calculate i(s).
8
Suppose 4*f - r + 24 = 0, -4*r + 5 = -4*f - 19. Let z(l) = l**2 + 4*l - 11. Determine z(f).
1
Let y(l) = -l**3 - 3*l**2 + 2*l - 4. Let m be y(-4). Suppose -m*c = 1 - 13. Let i(r) be the first derivative of r**4/4 - 2*r**3/3 - 2*r - 4. What is i(c)?
7
Let x(b) be the first derivative of 0*b**2 + 2*b + b**2 - 4*b**2 + 1. Let p be ((-8)/5)/(19/(-5) + 3). What is x(p)?
-10
Let o be (-8)/20 - (-2 + 28/5). Let u(c) = c**2 + 8*c + 10. Calculate u(o).
-6
Let a(q) = q**2 + 5*q - 2. Let t = 28 + -20. Let f(j) = -2*j**2 - 14*j + 2. Let i be f(-7). Suppose -i*m = -4*m - t. Give a(m).
-6
Let o(n) = 4*n. Let b = 95 - 93. Give o(b).
8
Let o(r) = -r**2 - 10*r - 15. Let m be o(-7). Let t(w) = -w**2 + 5*w + 2. Calculate t(m).
-4
Let m(j) = 2*j**2 + 5*j + 4. Suppose 34 = -3*s - 5*b + 2, 3*b + 24 = -3*s. Calculate m(s).
16
Suppose -5*a + 47 = 32. Suppose 2*n - a = -13. Let v(u) = u**2 - u. Let k(b) = -b**2 + 7*b - 4. Let y(l) = k(l) + 2*v(l). Calculate y(n).
-4
Let h = 3 - 9. Let g be (-32)/(-40) + h/(-5). Let m(a) = -2*a**3 + a**2 + 3*a - 2. Determine m(g).
-8
Let y(n) = n**3 + n**2 - n. Let h(z) = 4*z**3 + z**2 - 6*z + 4. Let m(c) = h(c) - 3*y(c). Determine m(3).
4
Let c be ((-7 + 318/48)*-8)/3. Let x(m) = 16*m**2 - 3*m + 1. Determine x(c).
14
Let s(g) be the second derivative of g**5/20 - 7*g**4/12 + g**3 - 4*g**2 + 30*g. Give s(6).
-8
Let d = -27 - -20. Let r be (-18)/42 + 18/d. Let b(z) = -z**2 + z**3 - 4 + 2 + 3*z**2 + 2*z**2. Determine b(r).
7
Let c(k) = -4*k**2 + 3*k - 17. Suppose -2 = 3*g - 4*y, 5*y = 2*g - 0*g - 1. Let h(r) = -r**2 + r - 6. Let z(v) = g*c(v) + 7*h(v). Calculate z(0).
-8
Let u(s) = -1 + 0*s + 0*s + 8*s - 7*s. Let l(f) = 10*f**3 - 2*f**2 + f. Let y be l(1). Determine u(y).
8
Let f(l) = -39 + 20 + l**2 + 10*l + 16. Determine f(-11).
8
Let s(g) = g**2 + 3*g - 1. Let y = -40 + 41. Suppose p - 5*p = 3*i + y, 0 = -3*i + 3*p - 15. What is s(i)?
-1
Let m(f) = f**3 - 3*f**2 - 3*f + 3. Let t = 1501 - 1498. Give m(t).
-6
Let g(v) = -60*v**2 - 8 + 17 + 5*v + 59*v**2 - v. Let r = 6 - -1. Calculate g(r).
-12
Let r(i) be the first derivative of i**4/12 - 7*i**3/6 - 2*i**2 + 3*i + 8. Let t(o) be the first derivative of r(o). Calculate t(6).
-10
Let b(u) = 6*u. Let n = 106 + -104. Determine b(n).
12
Let x be 88/16 + -2 + -3. Let m(v) be the first derivative of x*v**2 + 5 + 6*v. Calculate m(-6).
0
Let c(j) = j**3 - 2*j**2 + 14*j + 6. Let s(u) = 4*u**3 - 10*u**2 + 59*u + 24. Let x(z) = 13*c(z) - 3*s(z). Determine x(-3).
0
Let x(o) = 65*o + 43. Let q(i) = -19*i - 14. Let b(h) = -14*q(h) - 4*x(h). What is b(-5)?
-6
Let r(l) = -2*l - 13. Let o(y) = y**3 + 2*y**2 + 2*y + 1. Let w be o(-2). Let g be r(w). Let q(t) = t + 2. Calculate q(g).
-5
Let c(d) be the third derivative of -d**6/120 + d**5/60 + d**4/24 + 8*d**3/3 + 6*d**2. Let u be -1*12/(-18) - (-8)/(-12). Give c(u).
16
Let w(n) = n**3 + 5*n**2 + 3*n - 4. Let o(l) = -l**2 - 21*l + 43. Let i be o(-23). Calculate w(i).
5
Let w(b) = b**3 + 10*b**2 + 11*b + 21. Let q be w(-9). Suppose q*x = -5*r + 1, 0 = -r - 6*x + 4*x - 4. Let h(a) = a**3 + a**2 - 2. Determine h(r).
10
Let g(n) = 13*n**3 - 27*n**2 + 2*n + 16. Let i(j) = 9*j**3 - 19*j**2 + j + 11. Let c(a) = 5*g(a) - 7*i(a). Calculate c(3).
48
Let p be (-2)/15 + (-448)/(-210). Let c(o) = 2 - 6*o + p*o + 5*o. Determine c(5).
7
Let d(v) = 24*v**3 - 23*v**2 + 21*v - 6. Let q(s) = 11*s**3 - 11*s**2 + 10*s - 3. Let z(x) = -6*d(x) + 13*q(x). Calculate z(-5).
-23
Let y(z) = z**2 - 5*z + 6. Let l(f) = 2*f**3 + f**2. Let x be l(1). Suppose x + 12 = 3*h. Give y(h).
6
Let m(f) = 4*f - 11*f**2 + 3*f - 10 + f**2 + 9*f**2. What is m(6)?
-4
Let l(w) = -3*w - 75*w**3 - 5*w**2 + 150*w**3 - 74*w**3 - 2 - 4*w. Determine l(6).
-8
Suppose 0 = 4*b - 9 - 7. Suppose -x - 3*x + b = 0. Let z be -4 + x + (-1)/1. Let p(l) = l**3 + 4*l**2 - 1. Determine p(z).
-1
Let u(j) = -j**2 - 7*j - 6. Suppose 139*n + 9 = 136*n. Let v be 36/(-15)*(-2 + (-16)/n). Calculate u(v).
-14
Let m(t) = -1 - 7*t - 13*t**3 + 5*t**3 - 7*t**2 + 7*t**3. What is m(-6)?
5
Let k(d) = -2*d + 3. Let u be 16 - 1 - (4 - 5)*3. Let c = u - 15. Give k(c).
-3
Let u(i) = 2*i - 3. Let b(y) = -y**3 - 7*y**2 + 13*y + 40. Let f be b(-8). Determine u(f).
-3
Let n(w) = 2*w**2 + w - 2. Let b(r) = -r**2 + 1. Let d(u) = -11*b(u) - 6*n(u). Suppose -29*f = -93*f - 320. What is d(f)?
6
Suppose 2*g + 0 = 4*t - 10, 4*t - g = 13. Suppose -v - 5*w - 21 = 0, 3*v + 7 = -t*w - 1. Let p(q) = -3*q + q**2 - 7 + 0*q**2 + v. Determine p(-2).
7
Suppose 0 = -3*u + 5*m + 31, -m = -0*u - 3*u + 11. Suppose 4*s + 1 = -2*p + 3*p, 4*p - 32 = u*s. Let a(b) = 0*b - 4*b + 3*b - p + 2. Determine a(-3).
-4
Let z = 12 - 4. Let j(w) = w - 6. Let m be j(z). Let k(f) = 7*f**2 - 5*f - 8*f**m + 3 + 5. What is k(-6)?
2
Let k(c) be the first derivative of -c**5/20 + c**4/12 - c**3/2 + c**2/2 + 7*c - 20. Let j(g) be the first derivative of k(g). What is j(2)?
-9
Let m = 2 - 0. Let y(c) = 2*c**2 - 20*c + 5. Let b be y(10). Let j(z) = -7 - m + b + 6 + 3*z. Give j(-2).
-4
Let a(t) = -8. Let g(y) = 7*y + 8. Let s(b) = -2*a(b) - g(b). What is s(6)?
-34
Let k(q) = -6*q**2 - q + 2. Let c(m) = 5*m**2 - 1. Let p(h) = -5*c(h) - 4*k(h). Determine p(2).
1
Let r(v) be the second derivative of -v**7/2520 + v**6/360 - v**5/120 - 2*v**4/3 + 15*v. Let f(m) be the third derivative of r(m). What is f(2)?
-1
Let l(p) be the second derivative of p**5/20 + 7*p**4/12 - 4*p**3/3 + 3*p**2/2 + 4*p. Let w = -868 + 860. Give l(w).
3
Let q(r) = r + 13. Let d(x) = 5*x + 51. Let z(o) = -2*d(o) + 9*q(o). Let i be ((-1026)/144 + 8)/(1/8). Give z(i).
8
Suppose 2*r - 20 = -3*b, 9*r - 5*r = b + 40. Let o(g) = -g + 22. Give o(r).
12
Let s(r) = 10*r + 30*r**2 - 15 + 27*r**2 - 58*r**2. Determine s(11).
-26
Let v(m) = -m**2 + m - 4. Suppose -3*k + 3*h = 0, 6*k - 4*k = -h - 9. Calculate v(k).
-16
Let t(l) = l**2 - 3*l - 221. Let g be t(-13). Let b be 2/(-6) - 55/(-3). Let w = g + b. Let o(j) = j**3 - 5*j**2 - 2*j + 7. Give o(w).
-3
Let m be (-12)/(-9)*-9*2/(-8). Let o(v) = -v**3 + 5*v**2 - 4*v + 2. Give o(m).
8
Let f(b) = 3 - 129*b + 524*b - 132*b - 133*b - 129*b. Determine f(0).
3
Let v(g) = 2*g - 3. Suppose 44 = -33*x + 31*x. Let f be (-27 - x)*-1*1. Give v(f).
7
Suppose -7*c + 142 = 205. Let n(b) = b**3 + 9*b**2 + 3*b + 10. Determine n(c).
-17
Let o(j) be the third derivative of 0 + 0*j - 1/12*j**4 + 1/6*j**3 + 5*j**2. Calculate o(-4).
9
Let x(r) be the second derivative of -r**6/720 + 7*r**5/120 + r**4/12 + 25*r. Let p(m) be the third derivative of x(m). Calculate p(5).
2
Let l(i) = i. Let g be l(5). Suppose g*h = -11 + 141. Suppose -8 = 2*j, -c = 2*c + 5*j + h. Let d(b) = -b**2 - 3*b - 1. Give d(c).
1
Let l(c) = c**3 - 6*c**2 - 11*c + 4. Let u(a) = a**3 + 20*a**2 - 20*a + 28. Let q be u(-21). Give l(q).
-24
Let r(l) = -3*l - 3. Let q = -34 + 39. Suppose -16*z = -17*z + q*s + 2, 3*z - 3*s + 6 = 0. Give r(z).
6
Let g(l) be the second derivative of 0*l**3 + 0*l**2 + 5/6*l**4 + 0 - 9*l. Give g(-1).
10
Let r(g) = -13*g + 1 - 23*g**2 + 59*g - 17*g - 28*g + 9*g**2. Calculate r(-1).
-14
Let g(x) = -3*x**3 - 7*x**2 + 14*x - 12. Let t(s